{"id":23,"date":"2019-03-05T16:32:22","date_gmt":"2019-03-05T15:32:22","guid":{"rendered":"http:\/\/lacasonadesames.com\/casa-rural-picosdeeuropa\/?page_id=23"},"modified":"2021-04-21T21:30:57","modified_gmt":"2021-04-21T19:30:57","slug":"entorno-de-picos-de-europa","status":"publish","type":"page","link":"http:\/\/lacasonadesames.com\/casa-rural-picosdeeuropa\/entorno-de-picos-de-europa\/","title":{"rendered":"Entorno de Picos de Europa"},"content":{"rendered":"\n<p>Sames,  capital de Amieva: uno de los concejos m\u00e1s bellos y v\u00edrgenes del Oriente  de Asturias, en los <a href=\"http:\/\/lacasonadesames.com\/casa-rural-picosdeeuropa\/galeria-de-imagenes\/\">Picos de Europa<\/a>. (Macizo del Corni\u00f3n, Pe\u00f1a Santa,  Mirador de Urdiales y Pico Cabronero)<\/p>\n\n\n\n<p>Estamos ubicados en pleno valle del Sella, junto a sus afluentes: el Dobra y el Ponga; zona que conserva una rica y variada fauna.<br>Ideal para conocer lugares de inter\u00e9s en Asturias como Cangas de On\u00eds, Covadonga, Llanes, Arriondas, Ribadesella, Fuente De, Oviedo, Gij\u00f3n, Lastres \u2026 te recomendaremos las mejores rutas y paseos seg\u00fan tu habilidad o necesidades. (experimentados, paseos familiares, con ni\u00f1os,\u2026)<\/p>\n\n\n\n<div class=\"wp-block-image\"><figure class=\"aligncenter\"><img loading=\"lazy\" decoding=\"async\" width=\"600\" height=\"450\" src=\"http:\/\/lacasonadesames.com\/casa-rural-picosdeeuropa\/wp-content\/uploads\/2019\/03\/a5.jpg\" alt=\"\" class=\"wp-image-212\" srcset=\"http:\/\/lacasonadesames.com\/casa-rural-picosdeeuropa\/wp-content\/uploads\/2019\/03\/a5.jpg 600w, http:\/\/lacasonadesames.com\/casa-rural-picosdeeuropa\/wp-content\/uploads\/2019\/03\/a5-300x225.jpg 300w\" sizes=\"auto, (max-width: 600px) 100vw, 600px\" \/><\/figure><\/div>\n\n\n\n<p>La  situaci\u00f3n de la <a href=\"http:\/\/lacasonadesames.com\/casa-rural-picosdeeuropa\/casa-rural-asturias\/\">casa rural<\/a> es excepcional: dentro del Parque Nacional  de Picos de Europa en Asturias, junto al Parque Natural de Ponga, con el  salvaje bosque de Pelo\u00f1o, donde podr\u00e9is disfrutar de la berrea oto\u00f1al.<\/p>\n\n\n\n<p>Si sois  amantes del turismo rural podr\u00e9is vivir de cerca las labores agr\u00edcolas y  ganaderas que se realizan en los pueblos de Asturias.<\/p>\n\n\n\n<p>El entorno ofrece m\u00faltiples alternativas para todo tipo de viajeros. Senderismo, Escalada, Espeleolog\u00eda, Pesca Fluvial, Pirag\u00fcismo, Rutas a Caballo, Rutas en Quad, visitas culturales, arte rupestre \u2026 no dudes en <a href=\"http:\/\/tarifa\">preguntarnos<\/a> lo que necesites saber: queremos regalarte una <a href=\"http:\/\/lacasonadesames.com\/casa-rural-picosdeeuropa\/desayunos\/\">experiencia<\/a> \u00fanica.<\/p>\n\n\n\nngg_shortcode_0_placeholder\n","protected":false},"excerpt":{"rendered":"<p>Sames, capital de Amieva: uno de los concejos m\u00e1s bellos y v\u00edrgenes del Oriente de Asturias, en los Picos de Europa. (Macizo del Corni\u00f3n, Pe\u00f1a Santa, Mirador de Urdiales y Pico Cabronero) Estamos ubicados en pleno valle del Sella, junto a sus afluentes: el Dobra y el Ponga; zona que conserva una rica y variada [&hellip;]<\/p>\n","protected":false},"author":1,"featured_media":48,"parent":0,"menu_order":0,"comment_status":"closed","ping_status":"closed","template":"","meta":{"_genesis_hide_title":false,"_genesis_hide_breadcrumbs":false,"_genesis_hide_singular_image":false,"_genesis_hide_footer_widgets":false,"_genesis_custom_body_class":"","_genesis_custom_post_class":"","_genesis_layout":"","ngg_post_thumbnail":0,"footnotes":""},"class_list":{"0":"post-23","1":"page","2":"type-page","3":"status-publish","4":"has-post-thumbnail","6":"entry"},"_links":{"self":[{"href":"http:\/\/lacasonadesames.com\/casa-rural-picosdeeuropa\/wp-json\/wp\/v2\/pages\/23","targetHints":{"allow":["GET"]}}],"collection":[{"href":"http:\/\/lacasonadesames.com\/casa-rural-picosdeeuropa\/wp-json\/wp\/v2\/pages"}],"about":[{"href":"http:\/\/lacasonadesames.com\/casa-rural-picosdeeuropa\/wp-json\/wp\/v2\/types\/page"}],"author":[{"embeddable":true,"href":"http:\/\/lacasonadesames.com\/casa-rural-picosdeeuropa\/wp-json\/wp\/v2\/users\/1"}],"replies":[{"embeddable":true,"href":"http:\/\/lacasonadesames.com\/casa-rural-picosdeeuropa\/wp-json\/wp\/v2\/comments?post=23"}],"version-history":[{"count":8,"href":"http:\/\/lacasonadesames.com\/casa-rural-picosdeeuropa\/wp-json\/wp\/v2\/pages\/23\/revisions"}],"predecessor-version":[{"id":266,"href":"http:\/\/lacasonadesames.com\/casa-rural-picosdeeuropa\/wp-json\/wp\/v2\/pages\/23\/revisions\/266"}],"wp:featuredmedia":[{"embeddable":true,"href":"http:\/\/lacasonadesames.com\/casa-rural-picosdeeuropa\/wp-json\/wp\/v2\/media\/48"}],"wp:attachment":[{"href":"http:\/\/lacasonadesames.com\/casa-rural-picosdeeuropa\/wp-json\/wp\/v2\/media?parent=23"}],"curies":[{"name":"wp","href":"https:\/\/api.w.org\/{rel}","templated":true}]}}

<p>Sames,  capital de Amieva: uno de los concejos más bellos y vírgenes del Oriente  de Asturias, en los <a href="http://lacasonadesames.com/casa-rural-picosdeeuropa/galeria-de-imagenes/">Picos de Europa</a>. (Macizo del Cornión, Peña Santa,  Mirador de Urdiales y Pico Cabronero)</p>



<p>Estamos ubicados en pleno valle del Sella, junto a sus afluentes: el Dobra y el Ponga; zona que conserva una rica y variada fauna.<br>Ideal para conocer lugares de interés en Asturias como Cangas de Onís, Covadonga, Llanes, Arriondas, Ribadesella, Fuente De, Oviedo, Gijón, Lastres … te recomendaremos las mejores rutas y paseos según tu habilidad o necesidades. (experimentados, paseos familiares, con niños,…)</p>



<div class="wp-block-image"><figure class="aligncenter"><img loading="lazy" decoding="async" width="600" height="450" src="http://lacasonadesames.com/casa-rural-picosdeeuropa/wp-content/uploads/2019/03/a5.jpg" alt="" class="wp-image-212" srcset="http://lacasonadesames.com/casa-rural-picosdeeuropa/wp-content/uploads/2019/03/a5.jpg 600w, http://lacasonadesames.com/casa-rural-picosdeeuropa/wp-content/uploads/2019/03/a5-300x225.jpg 300w" sizes="auto, (max-width: 600px) 100vw, 600px" /></figure></div>



<p>La  situación de la <a href="http://lacasonadesames.com/casa-rural-picosdeeuropa/casa-rural-asturias/">casa rural</a> es excepcional: dentro del Parque Nacional  de Picos de Europa en Asturias, junto al Parque Natural de Ponga, con el  salvaje bosque de Peloño, donde podréis disfrutar de la berrea otoñal.</p>



<p>Si sois  amantes del turismo rural podréis vivir de cerca las labores agrícolas y  ganaderas que se realizan en los pueblos de Asturias.</p>



<p>El entorno ofrece múltiples alternativas para todo tipo de viajeros. Senderismo, Escalada, Espeleología, Pesca Fluvial, Piragüismo, Rutas a Caballo, Rutas en Quad, visitas culturales, arte rupestre … no dudes en <a href="http://tarifa">preguntarnos</a> lo que necesites saber: queremos regalarte una <a href="http://lacasonadesames.com/casa-rural-picosdeeuropa/desayunos/">experiencia</a> única.</p>



ngg_shortcode_0_placeholder

<p>Sames, capital de Amieva: uno de los concejos más bellos y vírgenes del Oriente de Asturias, en los Picos de Europa. (Macizo del Cornión, Peña Santa, Mirador de Urdiales y Pico Cabronero) Estamos ubicados en pleno valle del Sella, junto a sus afluentes: el Dobra y el Ponga; zona que conserva una rica y variada [&hellip;]</p>
